{"id":431,"date":"2017-02-20T22:13:47","date_gmt":"2017-02-20T21:13:47","guid":{"rendered":"http:\/\/mahbereseb-wuerzburg.de\/?page_id=431"},"modified":"2020-03-11T11:10:17","modified_gmt":"2020-03-11T10:10:17","slug":"musik","status":"publish","type":"page","link":"http:\/\/mahbereseb-wuerzburg.de\/index.php\/musik\/","title":{"rendered":"Musik &#8211; \u1219\u12da\u1243"},"content":{"rendered":"<p><span style=\"color: #0000ff;\">Musiktraining: Samstags 14 bis 20 Uhr\u00a0<\/span><\/p>\n<p><span style=\"color: #0000ff;\">\u1293\u12ed \u1219\u12da\u1243 \u1275\u1228\u12ed\u1292\u1295\u130d: \u1240\u12f3\u121d\u00a0\u1240\u12f3\u121d \u12ab\u1265 \u1230\u12d3\u1275 14 \u12ad\u1233\u1265\u00a0\u1230\u12d3\u1275 20<\/span><\/p>\n<p><span style=\"color: #0000ff;\">Jugendzentrum Zellerau (JuZ)<\/span><br \/>\n<span style=\"color: #0000ff;\">Wei\u00dfenburgstra\u00dfe 43<\/span><br \/>\n<span style=\"color: #0000ff;\">97082 W\u00fcrzburg<\/span><\/p>\n<p><span style=\"color: #0000ff;\">Das Jugendzentrum Zellerau erreicht Ihr mit der Stra\u00dfenbahn Linien 2 und 4. Ihr steigt ein am Hauptbahnhof oder an der Haltestelle Juliuspromenade und fahrt bis zu der Haltestelle \u201cDJK -Sportzentrum\u201d, N\u00e4he Rewe Supermarkt.<\/span><\/p>\n<p><span style=\"color: #0000ff;\">\u1293\u1265 \u12e9\u1308\u1295\u12f5\u1230\u1295\u1275\u1229\u121d \u1230\u1208\u122b\u12cd \u12ad\u1275\u1218\u1339\u1363 \u12a3\u1265 \u1263\u1205\u1295\u1206\u134d \u12c8\u12ed \u12ab\u12a3 \u12e9\u120a\u12e9\u1235\u1355\u122e\u1218\u1293\u12f0 \u123d\u1275\u122b\u1230\u1295\u1263\u1205\u1295 \u1241\u133d\u122a 2 \u12c8\u12ed 4 \u1270\u1230\u1252\u120d\u12a9\u121d \u12a3\u1265 \u12f0\u12ee\u1275\u12ab \u123d\u1356\u122d\u1275\u1230\u1295\u1275\u1229\u121d \u1325\u1253 \u1228\u1268 \u12d9\u1350\u122d\u121b\u122d\u12ad\u1275\u00a0\u1275\u12c8\u122d\u12f1\u1362<\/span><\/p>\n<p><img decoding=\"async\" loading=\"lazy\" class=\"alignnone wp-image-508\" src=\"http:\/\/mahbereseb-wuerzburg.de\/wp-content\/uploads\/2017\/02\/Kirar-282x300.jpg\" alt=\"Kirar\" width=\"373\" height=\"397\" srcset=\"http:\/\/mahbereseb-wuerzburg.de\/wp-content\/uploads\/2017\/02\/Kirar-282x300.jpg 282w, http:\/\/mahbereseb-wuerzburg.de\/wp-content\/uploads\/2017\/02\/Kirar.jpg 760w\" sizes=\"(max-width: 373px) 100vw, 373px\" \/><\/p>\n","protected":false},"excerpt":{"rendered":"<p>Musiktraining: Samstags 14 bis 20 Uhr\u00a0 \u1293\u12ed \u1219\u12da\u1243 \u1275\u1228\u12ed\u1292\u1295\u130d: \u1240\u12f3\u121d\u00a0\u1240\u12f3\u121d \u12ab\u1265 \u1230\u12d3\u1275 14 \u12ad\u1233\u1265\u00a0\u1230\u12d3\u1275 20 Jugendzentrum Zellerau (JuZ) Wei\u00dfenburgstra\u00dfe 43 97082 W\u00fcrzburg Das Jugendzentrum Zellerau erreicht Ihr mit der Stra\u00dfenbahn Linien 2 und 4. Ihr steigt ein am Hauptbahnhof oder an der Haltestelle Juliuspromenade und fahrt bis zu der Haltestelle \u201cDJK -Sportzentrum\u201d, N\u00e4he Rewe Supermarkt. &hellip; <a href=\"http:\/\/mahbereseb-wuerzburg.de\/index.php\/musik\/\" class=\"more-link\">Continue reading <span class=\"screen-reader-text\">Musik &#8211; \u1219\u12da\u1243<\/span> <span class=\"meta-nav\">&rarr;<\/span><\/a><\/p>\n","protected":false},"author":1,"featured_media":0,"parent":0,"menu_order":11,"comment_status":"closed","ping_status":"closed","template":"","meta":[],"_links":{"self":[{"href":"http:\/\/mahbereseb-wuerzburg.de\/index.php\/wp-json\/wp\/v2\/pages\/431"}],"collection":[{"href":"http:\/\/mahbereseb-wuerzburg.de\/index.php\/wp-json\/wp\/v2\/pages"}],"about":[{"href":"http:\/\/mahbereseb-wuerzburg.de\/index.php\/wp-json\/wp\/v2\/types\/page"}],"author":[{"embeddable":true,"href":"http:\/\/mahbereseb-wuerzburg.de\/index.php\/wp-json\/wp\/v2\/users\/1"}],"replies":[{"embeddable":true,"href":"http:\/\/mahbereseb-wuerzburg.de\/index.php\/wp-json\/wp\/v2\/comments?post=431"}],"version-history":[{"count":6,"href":"http:\/\/mahbereseb-wuerzburg.de\/index.php\/wp-json\/wp\/v2\/pages\/431\/revisions"}],"predecessor-version":[{"id":622,"href":"http:\/\/mahbereseb-wuerzburg.de\/index.php\/wp-json\/wp\/v2\/pages\/431\/revisions\/622"}],"wp:attachment":[{"href":"http:\/\/mahbereseb-wuerzburg.de\/index.php\/wp-json\/wp\/v2\/media?parent=431"}],"curies":[{"name":"wp","href":"https:\/\/api.w.org\/{rel}","templated":true}]}}