{"id":538,"date":"2019-07-28T20:45:25","date_gmt":"2019-07-28T18:45:25","guid":{"rendered":"http:\/\/mahbereseb-wuerzburg.de\/?page_id=538"},"modified":"2020-07-24T18:01:59","modified_gmt":"2020-07-24T16:01:59","slug":"mitgliederinformation","status":"publish","type":"page","link":"http:\/\/mahbereseb-wuerzburg.de\/index.php\/mitgliederinformation\/","title":{"rendered":"Mitgliederinformation &#8211; \u1213\u1260\u122c\u1273 \u1295\u12a3\u1263\u120b\u1275"},"content":{"rendered":"<p>\u1218\u122d\u1213\u1263\u1363\u00a0 \u00a0 \u00a0 \u00a0 \u00a0 \u00a0 \u00a0 \u00a0 \u00a0 \u00a0 \u00a0 \u00a0 \u00a0 \u00a0 \u00a0 \u00a0 \u00a0 \u00a0 \u00a0 \u00a0 \u00a0 \u00a0 \u00a0 \u00a0 \u00a0 \u00a0 \u00a0 \u00a0 \u00a0 \u00a0 \u00a0 \u00a0 \u00a0 \u00a0 \u00a0 \u00a0 \u00a0 \u00a0 07.07.2020<\/p>\n<p>\u1265\u12db\u12d5\u1263\u1272 \u12a3\u1265 \u1263\u12f5 \u12ad\u122e\u12ed\u1235\u1293\u12bd \u12dd\u1263\u1203\u120d \u12a8\u1270\u121b \u12a3\u1265 \u120d\u12d5\u120a \u1213\u12f0 \u1218\u1295\u12a5\u1230\u12ed \u12a4\u122d\u1275\u122b\u12ca \u12dd\u1270\u1348\u1338\u1218 \u12a8\u121d\u1275\u1348\u120d\u1325\u12ce \u121b\u1215\u1260\u122d\u1293 \u12a3\u1265\u12da \u1273\u1215\u1272 \u1260\u1265\u12a5\u12cb\u1291 \u12f0\u130b\u130a\u121b \u1265\u12db\u12d5\u1263 \u1293\u12ed\u1272 \u121d\u122d\u1218\u122b \u12cd\u133d\u12a2\u1275 \u1290\u1273 \u120b\u12d5\u1208\u12c8\u12ed\u1272 \u1293\u12ed \u12d0\u1243\u1262 \u1215\u130a \u1213\u120b\u134a\u1275 \u134d\u122b\u12cd \u134d\u122e\u1205\u1295 \u1275\u1263\u1203\u120d \u12ad\u1275\u12cd\u12a8\u1233\u00a0\u12a8\u121d\u12dd\u1338\u1295\u1210\u1275 \u1275\u1215\u1265\u122d \u1294\u122b\u1363 \u1215\u1302 \u130d\u1295 \u12a5\u1272 \u12d8\u1215\u12dd\u1295 \u12a8\u121d\u12da \u1275\u122d\u12a5\u12ed\u12ce \u12a3\u1265 \u1273\u1215\u1272 \u1290\u1272 \u123d\u12d1 \u12dd\u1290\u1260\u1228 \u12a9\u1290\u1273\u1275 \u12a3\u1265 \u130d\u121d\u1275 \u1265\u121d\u12a5\u1273\u12cd \u1290\u1272 \u1356\u120a\u1235 \u1240\u120d\u1322\u1349 \u1295\u12bd\u1275\u12a9\u1235 \u12d8\u1308\u12f5\u12f5 \u12a9\u1290\u1273\u1275 \u1235\u1208\u12dd\u1290\u1260\u1228\u1363 \u12a5\u1272 \u1356\u120a\u1235 \u12dd\u12c8\u1230\u12f6 \u1235\u1309\u121d\u1272 \u1309\u1261\u12a5\u1290\u1275 \u1294\u1229\u12ce \u12a2\u120e\u121d \u1290\u1272 \u121d\u122d\u1218\u122b \u12d3\u133d\u12ee\u121e\u1362<\/p>\n<p style=\"text-align: left;\" align=\"CENTER\"><img decoding=\"async\" loading=\"lazy\" class=\"aligncenter size-large wp-image-667\" src=\"http:\/\/mahbereseb-wuerzburg.de\/wp-content\/uploads\/2019\/07\/ErmittlungsverfahrenHoppst\u00e4dten-737x1024.jpg\" alt=\"ErmittlungsverfahrenHoppst\u00e4dten\" width=\"474\" height=\"659\" srcset=\"http:\/\/mahbereseb-wuerzburg.de\/wp-content\/uploads\/2019\/07\/ErmittlungsverfahrenHoppst\u00e4dten-737x1024.jpg 737w, http:\/\/mahbereseb-wuerzburg.de\/wp-content\/uploads\/2019\/07\/ErmittlungsverfahrenHoppst\u00e4dten-216x300.jpg 216w, http:\/\/mahbereseb-wuerzburg.de\/wp-content\/uploads\/2019\/07\/ErmittlungsverfahrenHoppst\u00e4dten-768x1067.jpg 768w\" sizes=\"(max-width: 474px) 100vw, 474px\" \/><\/p>\n<p style=\"text-align: center;\" align=\"CENTER\">============================<\/p>\n<p style=\"text-align: left;\" align=\"CENTER\"><img decoding=\"async\" loading=\"lazy\" class=\"aligncenter size-full wp-image-653\" src=\"http:\/\/mahbereseb-wuerzburg.de\/wp-content\/uploads\/2019\/07\/Atemschutzmaske.png\" alt=\"Atemschutzmaske\" width=\"446\" height=\"687\" srcset=\"http:\/\/mahbereseb-wuerzburg.de\/wp-content\/uploads\/2019\/07\/Atemschutzmaske.png 446w, http:\/\/mahbereseb-wuerzburg.de\/wp-content\/uploads\/2019\/07\/Atemschutzmaske-195x300.png 195w\" sizes=\"(max-width: 446px) 100vw, 446px\" \/><\/p>\n<p style=\"text-align: center;\" align=\"CENTER\">============================<\/p>\n<p style=\"text-align: left;\" align=\"CENTER\"><img decoding=\"async\" loading=\"lazy\" class=\"aligncenter size-full wp-image-651\" src=\"http:\/\/mahbereseb-wuerzburg.de\/wp-content\/uploads\/2019\/07\/Kontaktbeschr\u00e4nkungLockerung.png\" alt=\"Kontaktbeschr\u00e4nkungLockerung\" width=\"498\" height=\"692\" srcset=\"http:\/\/mahbereseb-wuerzburg.de\/wp-content\/uploads\/2019\/07\/Kontaktbeschr\u00e4nkungLockerung.png 498w, http:\/\/mahbereseb-wuerzburg.de\/wp-content\/uploads\/2019\/07\/Kontaktbeschr\u00e4nkungLockerung-216x300.png 216w\" sizes=\"(max-width: 498px) 100vw, 498px\" \/><\/p>\n<p style=\"text-align: center;\" align=\"CENTER\">============================<\/p>\n<p style=\"text-align: left;\" align=\"CENTER\"><img decoding=\"async\" loading=\"lazy\" class=\"aligncenter size-full wp-image-647\" src=\"http:\/\/mahbereseb-wuerzburg.de\/wp-content\/uploads\/2019\/07\/Bildschirmfoto-2020-03-22-um-19.30.35.png\" alt=\"Bildschirmfoto 2020-03-22 um 19.30.35\" width=\"472\" height=\"692\" srcset=\"http:\/\/mahbereseb-wuerzburg.de\/wp-content\/uploads\/2019\/07\/Bildschirmfoto-2020-03-22-um-19.30.35.png 472w, http:\/\/mahbereseb-wuerzburg.de\/wp-content\/uploads\/2019\/07\/Bildschirmfoto-2020-03-22-um-19.30.35-205x300.png 205w\" sizes=\"(max-width: 472px) 100vw, 472px\" \/><\/p>\n<p style=\"text-align: center;\" align=\"CENTER\">============================<\/p>\n<p style=\"text-align: left;\" align=\"CENTER\"><img decoding=\"async\" loading=\"lazy\" class=\"aligncenter size-full wp-image-645\" src=\"http:\/\/mahbereseb-wuerzburg.de\/wp-content\/uploads\/2019\/07\/Bildschirmfoto-2020-03-21-um-13.48.57.png\" alt=\"Bildschirmfoto 2020-03-21 um 13.48.57\" width=\"499\" height=\"648\" srcset=\"http:\/\/mahbereseb-wuerzburg.de\/wp-content\/uploads\/2019\/07\/Bildschirmfoto-2020-03-21-um-13.48.57.png 499w, http:\/\/mahbereseb-wuerzburg.de\/wp-content\/uploads\/2019\/07\/Bildschirmfoto-2020-03-21-um-13.48.57-231x300.png 231w\" sizes=\"(max-width: 499px) 100vw, 499px\" \/><\/p>\n<p style=\"text-align: center;\" align=\"CENTER\">============================<\/p>\n<p style=\"text-align: left;\" align=\"CENTER\"><img decoding=\"async\" loading=\"lazy\" class=\"wp-image-631 aligncenter\" src=\"http:\/\/mahbereseb-wuerzburg.de\/wp-content\/uploads\/2019\/07\/Bildschirmfoto-2020-03-18-um-08.33.18.png\" alt=\"Bildschirmfoto 2020-03-18 um 08.33.18\" width=\"533\" height=\"743\" srcset=\"http:\/\/mahbereseb-wuerzburg.de\/wp-content\/uploads\/2019\/07\/Bildschirmfoto-2020-03-18-um-08.33.18.png 463w, http:\/\/mahbereseb-wuerzburg.de\/wp-content\/uploads\/2019\/07\/Bildschirmfoto-2020-03-18-um-08.33.18-215x300.png 215w\" sizes=\"(max-width: 533px) 100vw, 533px\" \/><\/p>\n<p style=\"text-align: center;\" align=\"CENTER\">============================<\/p>\n<p style=\"text-align: left;\" align=\"CENTER\"><img decoding=\"async\" loading=\"lazy\" class=\"aligncenter size-full wp-image-638\" src=\"http:\/\/mahbereseb-wuerzburg.de\/wp-content\/uploads\/2019\/07\/Hygienetipps.png\" alt=\"Hygienetipps\" width=\"537\" height=\"677\" srcset=\"http:\/\/mahbereseb-wuerzburg.de\/wp-content\/uploads\/2019\/07\/Hygienetipps.png 537w, http:\/\/mahbereseb-wuerzburg.de\/wp-content\/uploads\/2019\/07\/Hygienetipps-238x300.png 238w\" sizes=\"(max-width: 537px) 100vw, 537px\" \/><\/p>\n<p style=\"text-align: center;\" align=\"CENTER\">============================<\/p>\n<p style=\"text-align: left;\" align=\"CENTER\"><span style=\"color: #0000ff;\">\u12dd\u12b8\u1260\u122d\u12a9\u121d\u1295 \u12dd\u12b8\u1260\u122d\u12ad\u1295\u1295\u1363<\/span><\/p>\n<p style=\"text-align: left;\" align=\"CENTER\"><span style=\"color: #0000ff;\">\u1265\u12db\u12d5\u1263\u1272 \u12a3\u1265 \u12dd\u1213\u1208\u1348 \u12a3\u1265 \u1263\u12f5 \u12ad\u122e\u12ed\u1235\u1293\u12bd \u12dd\u1263\u1203\u120d \u12a8\u1270\u121b \u12a3\u1265 \u120d\u12d5\u120a \u1213\u12f0 \u1218\u1295\u12a5\u1230\u12ed \u12a4\u122d\u1275\u122b\u12ca \u12dd\u1270\u1348\u1338\u1218 \u1215\u1302 \u12cd\u1295 \u121b\u1215\u1260\u122d\u1293 \u12f0\u130a\u121b \u12a3\u1265 \u121d\u1295\u1273\u12ed \u1260\u133a\u1215\u12a9\u121d \u12a3\u1208\u12b9\u121d \u12a2\u120b \u1290\u1273 \u120b\u12d5\u1208\u12c8\u12ed\u1272 \u1293\u12ed \u12d0\u1243\u1262 \u1215\u130a \u1213\u120b\u134a\u1275 \u134d\u122b\u12cd \u134d\u122e\u1205\u1295 \u1275\u1263\u1203\u120d \u1270\u12c8\u12aa\u1233\u1273 \u1294\u122b\u1363 \u1215\u1302 \u12cd\u1295 \u12a5\u1272 \u1293\u12ed \u121d\u122d\u1218\u122b \u12c9\u133d\u12a2\u1273\u1275 \u1235\u1208\u12d8\u12ed\u1218\u133b\u1293 \u12d8\u120e\u1363 \u12cd\u1233\u1290 \u12ad\u1295\u1205\u1265 \u12a3\u12ed\u12ab\u12a3\u120d\u1293\u1295 \u12d8\u1208\u1293\u1363 \u12a5\u1272 \u1293\u12ed \u121d\u122d\u1218\u122b \u12c9\u133d\u12a2\u1273\u1275 \u121d\u1235\u1218\u133b\u1293 \u121d\u1235\u1272 \u12cd\u1233\u1290 \u12a3\u1273\u1213\u1212\u12dd\u1293 \u1293\u1265 \u1205\u12dd\u1262 \u12ad\u1295\u12dd\u122d\u130d\u1216 \u12a2\u1293\u1363 \u12dd\u1265\u120d \u1218\u120d\u1232 \u1202\u1266\u1219\u1293 \u12a3\u1208\u12cd\u1362 \u1218\u1278\u121d \u12ab\u1265 \u1231\u1255 \u12a2\u120d\u12ab \u121d\u133d\u1263\u12ed \u12a5\u1295\u12f3\u1213\u1270\u1275\u1293 \u12a5\u1295\u1270\u1203\u12c8\u12bd\u1293\u12ee\u121d \u12ed\u1213\u12ed\u123d \u1265\u12dd\u1265\u120d \u12a2\u1293 \u12f0\u130a\u121d\u1293 \u133d\u1212\u134d\u1293\u120e\u121d\u1363 \u12a5\u12da \u1309\u12f3\u12ed \u133d\u1263\u1215 \u1295\u130d\u1206 \u12cd\u1295 \u1293\u1263\u1293 \u12ad\u1218\u133d\u12a5 \u1235\u1208\u12dd\u12bd\u12a5\u120d \u1231\u1255 \u12a2\u120d\u12ab \u121d\u122d\u12a3\u12ed \u133d\u1261\u1255 \u12a3\u12ed\u12ae\u1290\u1295\u1363 \u1228\u1235\u1350\u12ad\u1275 \u12ad\u130d\u1260\u1228\u120d\u1293 \u12a3\u1208\u12ce\u1362\u00a0\u1218\u120d\u1232 \u12dd\u1228\u12b8\u1265\u1293\u12ee \u12a3\u1265\u12da \u1273\u1215\u1272 \u12a3\u1295\u1265\u1261\u12ce\u1362<\/span><\/p>\n<p style=\"text-align: left;\" align=\"CENTER\"><img decoding=\"async\" loading=\"lazy\" class=\"aligncenter size-large wp-image-610\" src=\"http:\/\/mahbereseb-wuerzburg.de\/wp-content\/uploads\/2019\/07\/StaatsanwaltschaftKreuznach1-1-764x1024.jpg\" alt=\"StaatsanwaltschaftKreuznach1\" width=\"474\" height=\"635\" srcset=\"http:\/\/mahbereseb-wuerzburg.de\/wp-content\/uploads\/2019\/07\/StaatsanwaltschaftKreuznach1-1-764x1024.jpg 764w, http:\/\/mahbereseb-wuerzburg.de\/wp-content\/uploads\/2019\/07\/StaatsanwaltschaftKreuznach1-1-224x300.jpg 224w, http:\/\/mahbereseb-wuerzburg.de\/wp-content\/uploads\/2019\/07\/StaatsanwaltschaftKreuznach1-1-768x1029.jpg 768w, http:\/\/mahbereseb-wuerzburg.de\/wp-content\/uploads\/2019\/07\/StaatsanwaltschaftKreuznach1-1.jpg 1504w\" sizes=\"(max-width: 474px) 100vw, 474px\" \/><\/p>\n<p style=\"text-align: left;\" align=\"CENTER\"><span style=\"color: #0000ff;\">\u12dd\u12b8\u1260\u122d\u12a9\u121d\u1295 \u12dd\u12b8\u1260\u122d\u12ad\u1295\u1295\u1363<\/span><\/p>\n<p style=\"text-align: left;\" align=\"CENTER\"><span style=\"color: #0000ff;\">\u12a8\u121d\u1275\u12dd\u12ad\u122d\u12ce\u1363 \u12a3\u1265 \u12dd\u1213\u1208\u1348 \u130d\u12dc \u1265\u1309\u12f3\u12ed \u1293\u12ed \u1213\u12f0 \u1265\u1356\u120a\u1235 \u1265\u1325\u12ed\u1275 \u12dd\u1270\u1250\u1275\u1208 \u12a4\u122d\u1275\u122b\u12ca \u1218\u1295\u12a5\u1230\u12ed \u1293\u12ed \u12a3\u1243\u1273\u1275\u120d\u12a1 \u12a9\u1290\u1273\u1275 \u1235\u1208\u12d8\u12ed\u1270\u12cb\u1215\u1320\u120d\u1293 \u123b\u1255\u120e\u1275\u1293 \u1265\u12a2\u1218\u12ed\u120d\u1295 \u1265\u12f0\u1265\u12f3\u1264\u1295 \u1295 \u12d3\u1243\u1262 \u1215\u130a \u1293\u12ed \u1263\u12f5 \u12ad\u122e\u12ed\u1235\u1293\u12bd \u1308\u120a\u133d\u1293\u1363 \u1265\u1309\u1261\u12a5\u1295 \u1265\u1325\u1295\u1243\u1250\u1295 \u12ad\u121d\u122d\u1218\u122d \u12a8\u121d\u12d8\u1208\u12ce \u12a3\u1273\u1213\u1233\u1232\u1265\u1293\u12ee\u121d \u1294\u122d\u1293 \u12a2\u1293\u1363 \u1218\u120d\u1232 \u12ab\u12a3 \u1260\u12da \u12dd\u1235\u12d5\u1265 \u12f0\u1265\u12f3\u1264 \u123b\u1255\u120e\u1275\u1293 \u12a8\u121d\u12dd\u122d\u12f5\u12a5\u12ce\u1363 \u1295\u1236\u121d \u12cd\u1295 \u12a5\u1272 \u1215\u1276\u1273\u1275\u1293 \u1295\u12ad\u121d\u1208\u1235 \u12ed\u121d\u122d\u1218\u122d\u12ce \u12a8\u121d\u12d8\u1208\u12c9\u1363\u12a5\u1272 \u1293\u12ed \u1265\u1228\u1275 \u1270\u1320\u1242\u121d\u12ab \u121d\u1255\u1273\u120d \u12a3\u12f5\u120b\u12ed\u1290\u1275 \u1294\u1229\u12ce \u12f5\u12e9 \u12dd\u1265\u1209 \u1215\u1276\u1273\u1275 \u12a3\u133b\u122a\u1293 \u12a8\u1290\u1255\u122d\u1266 \u12a2\u1293 \u12dd\u1265\u120d \u1218\u120d\u1232 \u1202\u1266\u1219\u1293 \u12a3\u1208\u12c9\u1362 \u1235\u130b\u1265<\/span> <span style=\"color: #0000ff;\">\u1218\u1328\u1228\u123d\u1273 \u12ad\u1295\u12a8\u1273\u1270\u120e \u12a2\u1293\u1362<\/span><\/p>\n<p style=\"text-align: left;\" align=\"CENTER\"><img decoding=\"async\" loading=\"lazy\" class=\"aligncenter size-large wp-image-595\" src=\"http:\/\/mahbereseb-wuerzburg.de\/wp-content\/uploads\/2019\/07\/StaatsanwaltschaftKreuznach-764x1024.jpg\" alt=\"StaatsanwaltschaftKreuznach\" width=\"474\" height=\"635\" \/><\/p>\n<p style=\"text-align: left;\" align=\"CENTER\"><span style=\"color: #0000ff;\">\u12dd\u12b8\u1260\u122d\u12a9\u121d \u12f0\u1242 \u121b\u1215\u1260\u122d\u1363<\/span><\/p>\n<p style=\"text-align: left;\" align=\"CENTER\"><span style=\"color: #0000ff;\">\u121b\u1215\u1260\u122d\u1293 \u1293\u1265 \u12d3\u1243\u1262 \u1215\u130a \u12dd\u1230\u12f0\u12f0\u1276 \u12f0\u1265\u12f3\u1260\u1363 \u1265\u1309\u12f3\u12ed \u12a3\u1265 \u1206\u1355\u123d\u1270\u1270\u1295 \u1275\u1263\u1203\u120d \u12d3\u12f2 \u1213\u12f0 \u12a4\u122d\u1275\u122b\u12ca \u134b\u1235 \u1212\u12d9 \u12b8\u120e \u1265\u1356\u120a\u1235 \u12dd\u1270\u1250\u1275\u1208 \u12dd\u121d\u120d\u12a8\u1275 \u12a5\u12e9\u1362 \u1265\u12d8\u12e8\u1308\u12f5\u1235 \u122d\u12a5\u1232 \u1215\u121b\u121d \u121d\u12bd\u1295 \u12eb\u1275 \u12f5\u12e9 \u12c8\u120b\u1235 \u1265\u1293\u12ed \u12f5\u122e\u130b \u121d\u12cd\u1233\u12f5\u1363 \u121b\u1215\u1260\u122d\u1293 \u134b\u1235 \u1212\u12dd\u12ab \u1230\u1265 \u121d\u134d\u122d\u122b\u1215\u1295 \u12ad\u1275\u1240\u1275\u120e \u12a2\u120d\u12ab \u121d\u134d\u1273\u1295\u1295 \u1265\u1275\u122a \u12a5\u12eb \u1275\u1243\u12c8\u121d\u1363 \u130d\u1295 \u134b\u1235 \u1212\u12d9 \u12a2\u120d\u12ab \u12a3\u1265 \u130d\u1295\u1263\u1229 \u12d3\u1242\u1295\u12ab \u1265\u121d\u1255\u1273\u1209 \u1265\u12d9\u1215 \u1213\u12d8\u1295 \u1235\u1208\u12dd\u1270\u1230\u121b\u12d3\u1363\u00a0\u12a5\u1276\u121d \u12d3\u1243\u1262 \u1215\u130d\u1295 \u1218\u122d\u121b\u122a \u1356\u120a\u1235\u1295 \u1290\u12da \u1309\u12f3\u12ed \u133d\u1261\u1255 \u130c\u122e\u121d \u122d\u1321\u1265 \u1218\u1228\u130b\u1308\u133a\u1273\u1275\u00a0\u12a3\u12aa\u1266\u121d \u1218\u12d5\u1208\u1262 \u12ad\u1308\u1265\u1228\u1209\u1363\u00a0 \u1235\u1208\u121d\u1295\u1273\u12ed \u1270\u1250\u1272\u1209\u1363 \u12a3\u1265 \u12a5\u130d\u1229 \u12c8\u12ed \u12a3\u1265 \u12a2\u12f1 \u1270\u12b2\u1236\u121d \u12c8\u12ed \u12ab\u12a3 \u1265\u12bb\u120d\u12a5 \u1218\u1308\u12f2\u00a0 \u1320\u1320\u12cd \u12a8\u1265\u120d\u12ce \u12ed\u12ab \u12a3\u120d \u12a5\u1295\u12f5\u12e9 \u1294\u1229\u1363\u00a0\u12dd\u1265\u1209 \u1215\u1276\u1273\u1275 \u12dd\u1213\u12d8\u1275 \u12f0\u1265\u12f3\u1260 \u1293\u1265\u1272 \u12d3\u1243\u1262 \u1215\u130d\u1295 \u1293\u1265 \u1218\u122d\u121b\u122a \u1356\u120a\u1235\u1295 \u1265\u121d\u1235\u12f3\u12f5 \u1215\u1276\u12a3 \u12a3\u1255\u122a\u1263 \u12a3\u120b\u1362 \u12a5\u12da \u1309\u12f3\u12ed \u12a5\u12da \u1265\u1250\u120a\u1209 \u12dd\u122b\u12a3\u12ed \u12a3\u12ed\u12ae\u1290\u1295\u1363 \u120e\u121a \u1295\u12d5\u12d1 \u133d\u1263\u1215 \u1295\u12d3\u1293 \u1235\u1208\u12dd\u12be\u1290\u1362\u00a0<\/span><\/p>\n<p align=\"CENTER\"><span style=\"font-size: large; color: #0000ff;\"><b>Eritreischer Verein in W\u00fcrzburg und Umgebung e.V.<\/b><\/span><\/p>\n<p align=\"CENTER\"><span style=\"font-family: Tahoma; color: #0000ff;\"><span style=\"font-size: large;\"><b>\u121b\u1215\u1260\u1228\u1230\u1265 \u12a4\u122a\u1275\u122b\u12cd\u12eb\u1295 \u12a3\u1265 \u1269\u122d\u1275\u1235\u1261\u122d\u130d\u1295 \u12a8\u1263\u1262\u12a3\u1295<\/b><\/span><\/span><\/p>\n<div dir=\"ltr\" data-setdir=\"false\"><\/div>\n<div>\n<p><span style=\"font-size: medium; color: #0000ff;\"><b>An die Staatsanwaltschaft Bad Kreuznach<\/b> <\/span><\/p>\n<p><span style=\"color: #0000ff;\"><span style=\"font-size: medium;\">John-F.-Kennedy-Stra\u00dfe 17<br \/>\n55543 Bad Kreuznach <\/span><\/span><\/p>\n<\/div>\n<div><\/div>\n<p align=\"LEFT\"><span style=\"color: #0000ff;\">Sehr geehrte Damen und Herren,<\/span><\/p>\n<p><span style=\"color: #0000ff;\">der Verein \u201eEritreischer Verein in W\u00fcrzburg und Umgebung\u201c bedauert den Vorfall, der sich am 02. November 2019, in Hoppst\u00e4dten ereignet hat. Egal ob ein Axt-Angreifer unter Drogeneinfluss steht oder psychische St\u00f6rung hat, sollte er nat\u00fcrlich angriffsunf\u00e4hig geschossen werden.<\/span><\/p>\n<p><span style=\"color: #0000ff;\">Allerdings, die Mitglieder unseres Vereins , wie viele andere Menschen auch, fragen sich, warum der Eritreer durch einen Schuss direkt in den Kopf get\u00f6tet wurde, was nat\u00fcrlich ungew\u00f6hnlich ist? Polizisten werden ja grunds\u00e4tzlich darauf trainiert, einen T\u00e4ter nur angriffsunf\u00e4hig zu schie\u00dfen. War es denn nicht m\u00f6glich, den Mann durch einen Schuss ins Bein oder in den Arm angriffsunf\u00e4hig zu machen? H\u00e4tte er denn nicht anders gestoppt werden k\u00f6nnen? Aber nat\u00fcrlich sollte man den Ausgang der Ermittlungen abwarten und dann kann man urteilen.<\/span><\/p>\n<p><span style=\"color: #0000ff;\">Wir bitten Sie daher, diesen Fall gr\u00fcndlich zu untersuchen. Vielen Dank.<\/span><\/p>\n<p align=\"LEFT\"><span style=\"color: #0000ff;\">Mit freundlichen Gr\u00fc\u00dfen<\/span><\/p>\n<div><\/div>\n<div><span style=\"color: #0000ff;\">Aklilu Mehari, Schriftf\u00fchrer des Vereins<\/span><\/div>\n<div dir=\"ltr\" data-setdir=\"false\"><span style=\"color: #0000ff;\">Theaterstr. 24<\/span><\/div>\n<div dir=\"ltr\" data-setdir=\"false\"><span style=\"color: #0000ff;\">97070 W\u00fcrzburg<\/span><\/div>\n<div>\n<p><span style=\"color: #0000ff;\"><a class=\"enhancr_card_4110277020\" style=\"color: #0000ff;\" href=\"http:\/\/mahbereseb-wuerzburg.de\/\" target=\"_blank\" rel=\"nofollow\">Eritreischer Verein in W\u00fcrzburg und Umgebung | \u121b\u1215\u1260\u1228\u1230\u1265 \u12a4\u122d\u1275\u122b\u12cd\u12eb\u1295 \u1269\u122d\u1235\u1261\u122d\u130d\u1295 \u12a8\u1263\u1262\u12a3\u1295<\/a><\/span><\/p>\n<div><\/div>\n<div id=\"ydp89690a46enhancr_card_4110277020\" class=\"ydp89690a46yahoo-link-enhancr-card ydp89690a46ymail-preserve-class ydp89690a46ymail-preserve-style\" contenteditable=\"false\" data-url=\"http:\/\/mahbereseb-wuerzburg.de\/\" data-type=\"YENHANCER\" data-size=\"MEDIUM\">\n<table class=\"ydp89690a46card-wrapper ydp89690a46yahoo-ignore-table\" border=\"0\" cellspacing=\"0\" cellpadding=\"0\">\n<tbody>\n<tr>\n<td width=\"400\">\n<table class=\"ydp89690a46card ydp89690a46yahoo-ignore-table\" border=\"0\" width=\"100%\" cellspacing=\"0\" cellpadding=\"0\">\n<tbody>\n<tr>\n<td class=\"ydp89690a46card-primary-image-cell\" valign=\"top\" bgcolor=\"#000000\" height=\"175\">\n<table class=\"ydp89690a46card-overlay-container-table ydp89690a46yahoo-ignore-table\" border=\"0\" cellspacing=\"0\" cellpadding=\"0\">\n<tbody>\n<tr>\n<td class=\"ydp89690a46card-overlay-cell\" valign=\"top\" bgcolor=\"transparent\">\n<table class=\"ydp89690a46yahoo-ignore-table\" border=\"0\">\n<tbody>\n<tr>\n<td class=\"ydp89690a46card-richInfo2\"><\/td>\n<td class=\"ydp89690a46card-actions\"><\/td>\n<\/tr>\n<\/tbody>\n<\/table>\n<\/td>\n<\/tr>\n<\/tbody>\n<\/table>\n<\/td>\n<\/tr>\n<tr>\n<td>\n<table class=\"ydp89690a46card-info ydp89690a46yahoo-ignore-table\" border=\"0\" cellspacing=\"0\" cellpadding=\"0\" align=\"center\">\n<tbody>\n<tr>\n<td><\/td>\n<td>\n<h2 class=\"ydp89690a46card-title\">Eritreischer Verein in W\u00fcrzburg und Umgebung | \u121b\u1215\u1260\u1228\u1230\u1265 \u12a4\u122d\u1275\u122b\u12cd\u12eb\u1295 \u1269\u122d\u1235\u1261\u122d\u130d\u1295 \u12a8\u1263\u1262\u12a3\u1295<\/h2>\n<\/td>\n<\/tr>\n<\/tbody>\n<\/table>\n<\/td>\n<\/tr>\n<\/tbody>\n<\/table>\n<\/td>\n<\/tr>\n<\/tbody>\n<\/table>\n<\/div>\n<div>============================================================================<\/div>\n<\/div>\n<p>&nbsp;<\/p>\n","protected":false},"excerpt":{"rendered":"<p>\u1218\u122d\u1213\u1263\u1363\u00a0 \u00a0 \u00a0 \u00a0 \u00a0 \u00a0 \u00a0 \u00a0 \u00a0 \u00a0 \u00a0 \u00a0 \u00a0 \u00a0 \u00a0 \u00a0 \u00a0 \u00a0 \u00a0 \u00a0 \u00a0 \u00a0 \u00a0 \u00a0 \u00a0 \u00a0 \u00a0 \u00a0 \u00a0 \u00a0 \u00a0 \u00a0 \u00a0 \u00a0 \u00a0 \u00a0 \u00a0 \u00a0 07.07.2020 \u1265\u12db\u12d5\u1263\u1272 \u12a3\u1265 \u1263\u12f5 \u12ad\u122e\u12ed\u1235\u1293\u12bd \u12dd\u1263\u1203\u120d \u12a8\u1270\u121b \u12a3\u1265 \u120d\u12d5\u120a \u1213\u12f0 \u1218\u1295\u12a5\u1230\u12ed \u12a4\u122d\u1275\u122b\u12ca \u12dd\u1270\u1348\u1338\u1218 \u12a8\u121d\u1275\u1348\u120d\u1325\u12ce \u121b\u1215\u1260\u122d\u1293 \u12a3\u1265\u12da \u1273\u1215\u1272 &hellip; <a href=\"http:\/\/mahbereseb-wuerzburg.de\/index.php\/mitgliederinformation\/\" class=\"more-link\">Continue reading <span class=\"screen-reader-text\">Mitgliederinformation &#8211; \u1213\u1260\u122c\u1273 \u1295\u12a3\u1263\u120b\u1275<\/span> <span class=\"meta-nav\">&rarr;<\/span><\/a><\/p>\n","protected":false},"author":1,"featured_media":0,"parent":0,"menu_order":3,"comment_status":"closed","ping_status":"closed","template":"page-templates\/full-width.php","meta":[],"_links":{"self":[{"href":"http:\/\/mahbereseb-wuerzburg.de\/index.php\/wp-json\/wp\/v2\/pages\/538"}],"collection":[{"href":"http:\/\/mahbereseb-wuerzburg.de\/index.php\/wp-json\/wp\/v2\/pages"}],"about":[{"href":"http:\/\/mahbereseb-wuerzburg.de\/index.php\/wp-json\/wp\/v2\/types\/page"}],"author":[{"embeddable":true,"href":"http:\/\/mahbereseb-wuerzburg.de\/index.php\/wp-json\/wp\/v2\/users\/1"}],"replies":[{"embeddable":true,"href":"http:\/\/mahbereseb-wuerzburg.de\/index.php\/wp-json\/wp\/v2\/comments?post=538"}],"version-history":[{"count":53,"href":"http:\/\/mahbereseb-wuerzburg.de\/index.php\/wp-json\/wp\/v2\/pages\/538\/revisions"}],"predecessor-version":[{"id":669,"href":"http:\/\/mahbereseb-wuerzburg.de\/index.php\/wp-json\/wp\/v2\/pages\/538\/revisions\/669"}],"wp:attachment":[{"href":"http:\/\/mahbereseb-wuerzburg.de\/index.php\/wp-json\/wp\/v2\/media?parent=538"}],"curies":[{"name":"wp","href":"https:\/\/api.w.org\/{rel}","templated":true}]}}